{"id":811,"date":"2019-05-10T15:36:20","date_gmt":"2019-05-10T13:36:20","guid":{"rendered":"https:\/\/eleiana.fr\/?page_id=811"},"modified":"2020-02-11T09:05:21","modified_gmt":"2020-02-11T08:05:21","slug":"aufildesjours","status":"publish","type":"page","link":"https:\/\/eleiana.fr\/index.php\/home\/aufildesjours\/","title":{"rendered":"Au fil des jours&#8230;"},"content":{"rendered":"<p style=\"text-align: center;\"><span style=\"color: #800080;\">Sous cette rubrique, je vous propose de partager des articles, des photos, vid\u00e9os.<\/span><\/p>\n<p style=\"text-align: center;\"><a href=\"https:\/\/eleiana.fr\/index.php\/2019\/05\/13\/les-energies-du-vivant\/\">Les \u00e9nergies du vivant<\/a><\/p>\n<p style=\"text-align: center;\"><a href=\"https:\/\/eleiana.fr\/index.php\/2019\/06\/13\/les-energies-du-vivant-le-vegetal\/\">Les \u00e9nergies du vivant \u2013 le v\u00e9g\u00e9tal<\/a><\/p>\n","protected":false},"excerpt":{"rendered":"<p>Sous cette rubrique, je vous propose de partager des articles, des photos, vid\u00e9os. Les \u00e9nergies du vivant Les \u00e9nergies du vivant \u2013 le v\u00e9g\u00e9tal<\/p>\n","protected":false},"author":1,"featured_media":0,"parent":11,"menu_order":1,"comment_status":"closed","ping_status":"closed","template":"","meta":[],"_links":{"self":[{"href":"https:\/\/eleiana.fr\/index.php\/wp-json\/wp\/v2\/pages\/811"}],"collection":[{"href":"https:\/\/eleiana.fr\/index.php\/wp-json\/wp\/v2\/pages"}],"about":[{"href":"https:\/\/eleiana.fr\/index.php\/wp-json\/wp\/v2\/types\/page"}],"author":[{"embeddable":true,"href":"https:\/\/eleiana.fr\/index.php\/wp-json\/wp\/v2\/users\/1"}],"replies":[{"embeddable":true,"href":"https:\/\/eleiana.fr\/index.php\/wp-json\/wp\/v2\/comments?post=811"}],"version-history":[{"count":5,"href":"https:\/\/eleiana.fr\/index.php\/wp-json\/wp\/v2\/pages\/811\/revisions"}],"predecessor-version":[{"id":907,"href":"https:\/\/eleiana.fr\/index.php\/wp-json\/wp\/v2\/pages\/811\/revisions\/907"}],"up":[{"embeddable":true,"href":"https:\/\/eleiana.fr\/index.php\/wp-json\/wp\/v2\/pages\/11"}],"wp:attachment":[{"href":"https:\/\/eleiana.fr\/index.php\/wp-json\/wp\/v2\/media?parent=811"}],"curies":[{"name":"wp","href":"https:\/\/api.w.org\/{rel}","templated":true}]}}

<p style="text-align: center;"><span style="color: #800080;">Sous cette rubrique, je vous propose de partager des articles, des photos, vidéos.</span></p>
<p style="text-align: center;"><a href="https://eleiana.fr/index.php/2019/05/13/les-energies-du-vivant/">Les énergies du vivant</a></p>
<p style="text-align: center;"><a href="https://eleiana.fr/index.php/2019/06/13/les-energies-du-vivant-le-vegetal/">Les énergies du vivant – le végétal</a></p>

<p>Sous cette rubrique, je vous propose de partager des articles, des photos, vidéos. Les énergies du vivant Les énergies du vivant – le végétal</p>
