{"id":778,"date":"2019-03-25T14:20:19","date_gmt":"2019-03-25T13:20:19","guid":{"rendered":"https:\/\/eleiana.fr\/?page_id=778"},"modified":"2022-02-05T11:26:55","modified_gmt":"2022-02-05T10:26:55","slug":"creations-eleiana","status":"publish","type":"page","link":"https:\/\/eleiana.fr\/index.php\/creations-eleiana\/","title":{"rendered":"Les cr\u00e9ations d&rsquo;Ele\u00efana"},"content":{"rendered":"<p style=\"text-align: center;\"><strong><span style=\"color: #800080;\"><img loading=\"lazy\" class=\"aligncenter size-medium wp-image-894\" src=\"https:\/\/eleiana.fr\/wp-content\/uploads\/2019\/12\/ellipse-compassion_Eleianacreation300300-285x300.jpg\" alt=\"\" width=\"285\" height=\"300\" srcset=\"https:\/\/eleiana.fr\/wp-content\/uploads\/2019\/12\/ellipse-compassion_Eleianacreation300300-285x300.jpg 285w, https:\/\/eleiana.fr\/wp-content\/uploads\/2019\/12\/ellipse-compassion_Eleianacreation300300.jpg 300w\" sizes=\"(max-width: 285px) 100vw, 285px\" \/><\/span><\/strong><\/p>\n<p style=\"text-align: center;\"><strong><span style=\"color: #800080;\">Que sont mes cr\u00e9ations ?<\/span><\/strong><\/p>\n<p style=\"text-align: center;\"><span style=\"color: #800080;\">Des outils de d\u00e9veloppement personnel qui vous accompagnent \u00e0 votre rythme pour vous aider \u00e0 prendre soin de vos corps subtils, \u00e0 lib\u00e9rer des m\u00e9moires, des sch\u00e9mas mentaux erron\u00e9s, purifier votre corps \u00e9nerg\u00e9tique ou travailler votre connexion cosmotellurique &#8230;<\/span><\/p>\n<p style=\"text-align: center;\"><span style=\"color: #800080;\">Elles prennent la forme de dessin dynamique. Un mode d&#8217;emploi simple vous permet de les activer selon vos besoins<\/span><\/p>\n<p style=\"text-align: center;\"><strong><span style=\"color: #800080;\">O\u00f9 trouver mes cr\u00e9ations ?<\/span><\/strong><\/p>\n<ul>\n<li style=\"text-align: center;\"><span style=\"color: #800080;\">sur les salons en direct, lors de visite en s\u00e9ance individuelle, lors des ateliers<\/span><\/li>\n<li style=\"text-align: center;\"><span style=\"color: #800080;\">par envoi postal : apr\u00e8s paiement par ch\u00e8que du prix major\u00e9 des frais de livraison.<\/span><\/li>\n<\/ul>\n<p style=\"text-align: center;\"><a href=\"https:\/\/eleiana.fr\/index.php\/creation-numerique\/\" target=\"_blank\" rel=\"noopener\">Cr\u00e9ation num\u00e9rique en libre acc\u00e8s<\/a><\/p>\n<p style=\"text-align: center;\"><a href=\"https:\/\/eleiana.fr\/index.php\/creations-eleiana\/fleur-aux-mille-petales\/\"><span style=\"color: #800080;\">Fleur aux mille p\u00e9tales<\/span><\/a><\/p>\n<p style=\"text-align: center;\"><a href=\"https:\/\/eleiana.fr\/index.php\/creations-eleiana\/fleur-papillon\/\"><span style=\"color: #800080;\">Fleur Papillon<\/span><\/a><\/p>\n<p style=\"text-align: center;\"><span style=\"color: #800080;\">Depuis deux ans, je canalise les \u00e9nergies du vivant \u00e0 travers notamment des peintures ou des supports de g\u00e9om\u00e9trie agissant comme un baume harmonisant.\u00a0 <\/span><\/p>\n<p style=\"text-align: center;\"><span style=\"color: #800080;\">Un outil globalisant mon parcours de retour \u00e0 Soi est en cours de cr\u00e9ation<\/span>.<\/p>\n<p>&nbsp;<\/p>\n","protected":false},"excerpt":{"rendered":"<p>Que sont mes cr\u00e9ations ? Des outils de d\u00e9veloppement personnel qui vous accompagnent \u00e0 votre rythme pour vous aider \u00e0 prendre soin de vos corps subtils, \u00e0 lib\u00e9rer des m\u00e9moires, des sch\u00e9mas mentaux erron\u00e9s, purifier votre corps \u00e9nerg\u00e9tique ou travailler votre connexion cosmotellurique &#8230; Elles prennent la forme de dessin dynamique. Un mode d&#8217;emploi simple &hellip; <\/p>\n<p class=\"link-more\"><a href=\"https:\/\/eleiana.fr\/index.php\/creations-eleiana\/\" class=\"more-link\">Continuer la lecture<span class=\"screen-reader-text\"> de &laquo;&nbsp;Les cr\u00e9ations d&rsquo;Ele\u00efana&nbsp;&raquo;<\/span><\/a><\/p>\n","protected":false},"author":1,"featured_media":0,"parent":0,"menu_order":0,"comment_status":"closed","ping_status":"closed","template":"","meta":[],"_links":{"self":[{"href":"https:\/\/eleiana.fr\/index.php\/wp-json\/wp\/v2\/pages\/778"}],"collection":[{"href":"https:\/\/eleiana.fr\/index.php\/wp-json\/wp\/v2\/pages"}],"about":[{"href":"https:\/\/eleiana.fr\/index.php\/wp-json\/wp\/v2\/types\/page"}],"author":[{"embeddable":true,"href":"https:\/\/eleiana.fr\/index.php\/wp-json\/wp\/v2\/users\/1"}],"replies":[{"embeddable":true,"href":"https:\/\/eleiana.fr\/index.php\/wp-json\/wp\/v2\/comments?post=778"}],"version-history":[{"count":11,"href":"https:\/\/eleiana.fr\/index.php\/wp-json\/wp\/v2\/pages\/778\/revisions"}],"predecessor-version":[{"id":783,"href":"https:\/\/eleiana.fr\/index.php\/wp-json\/wp\/v2\/pages\/778\/revisions\/783"}],"wp:attachment":[{"href":"https:\/\/eleiana.fr\/index.php\/wp-json\/wp\/v2\/media?parent=778"}],"curies":[{"name":"wp","href":"https:\/\/api.w.org\/{rel}","templated":true}]}}

Les créations d&rsquo;Eleïana

<p style="text-align: center;"><strong><span style="color: #800080;"><img loading="lazy" class="aligncenter size-medium wp-image-894" src="https://eleiana.fr/wp-content/uploads/2019/12/ellipse-compassion_Eleianacreation300300-285x300.jpg" alt="" width="285" height="300" srcset="https://eleiana.fr/wp-content/uploads/2019/12/ellipse-compassion_Eleianacreation300300-285x300.jpg 285w, https://eleiana.fr/wp-content/uploads/2019/12/ellipse-compassion_Eleianacreation300300.jpg 300w" sizes="(max-width: 285px) 100vw, 285px" /></span></strong></p>
<p style="text-align: center;"><strong><span style="color: #800080;">Que sont mes créations ?</span></strong></p>
<p style="text-align: center;"><span style="color: #800080;">Des outils de développement personnel qui vous accompagnent à votre rythme pour vous aider à prendre soin de vos corps subtils, à libérer des mémoires, des schémas mentaux erronés, purifier votre corps énergétique ou travailler votre connexion cosmotellurique &#8230;</span></p>
<p style="text-align: center;"><span style="color: #800080;">Elles prennent la forme de dessin dynamique. Un mode d&#8217;emploi simple vous permet de les activer selon vos besoins</span></p>
<p style="text-align: center;"><strong><span style="color: #800080;">Où trouver mes créations ?</span></strong></p>
<ul>
<li style="text-align: center;"><span style="color: #800080;">sur les salons en direct, lors de visite en séance individuelle, lors des ateliers</span></li>
<li style="text-align: center;"><span style="color: #800080;">par envoi postal : après paiement par chèque du prix majoré des frais de livraison.</span></li>
</ul>
<p style="text-align: center;"><a href="https://eleiana.fr/index.php/creation-numerique/" target="_blank" rel="noopener">Création numérique en libre accès</a></p>
<p style="text-align: center;"><a href="https://eleiana.fr/index.php/creations-eleiana/fleur-aux-mille-petales/"><span style="color: #800080;">Fleur aux mille pétales</span></a></p>
<p style="text-align: center;"><a href="https://eleiana.fr/index.php/creations-eleiana/fleur-papillon/"><span style="color: #800080;">Fleur Papillon</span></a></p>
<p style="text-align: center;"><span style="color: #800080;">Depuis deux ans, je canalise les énergies du vivant à travers notamment des peintures ou des supports de géométrie agissant comme un baume harmonisant.  </span></p>
<p style="text-align: center;"><span style="color: #800080;">Un outil globalisant mon parcours de retour à Soi est en cours de création</span>.</p>
<p>&nbsp;</p>

<p>Que sont mes créations ? Des outils de développement personnel qui vous accompagnent à votre rythme pour vous aider à prendre soin de vos corps subtils, à libérer des mémoires, des schémas mentaux erronés, purifier votre corps énergétique ou travailler votre connexion cosmotellurique &#8230; Elles prennent la forme de dessin dynamique. Un mode d&#8217;emploi simple &hellip; </p>
<p class="link-more"><a href="https://eleiana.fr/index.php/creations-eleiana/" class="more-link">Continuer la lecture<span class="screen-reader-text"> de &laquo;&nbsp;Les créations d&rsquo;Eleïana&nbsp;&raquo;</span></a></p>
