{"id":613,"date":"2018-12-13T16:52:58","date_gmt":"2018-12-13T15:52:58","guid":{"rendered":"https:\/\/eleiana.fr\/?page_id=613"},"modified":"2025-07-04T12:06:18","modified_gmt":"2025-07-04T10:06:18","slug":"presence-salons-bien-etre-ou-marche","status":"publish","type":"page","link":"https:\/\/eleiana.fr\/index.php\/home\/presence-salons-bien-etre-ou-marche\/","title":{"rendered":"Pr\u00e9sence salons bien-\u00eatre ou march\u00e9"},"content":{"rendered":"<p>&nbsp;<\/p>\n<p><a href=\"https:\/\/eleiana.fr\/index.php\/home\/presence-salons-bien-etre-ou-marche\/468548352_8913849885340851_176801697082075951_n\/\" rel=\"attachment wp-att-1044\"><img loading=\"lazy\" class=\"alignleft size-medium wp-image-1044\" src=\"https:\/\/eleiana.fr\/wp-content\/uploads\/2025\/07\/468548352_8913849885340851_176801697082075951_n-212x300.jpg\" alt=\"\" width=\"212\" height=\"300\" srcset=\"https:\/\/eleiana.fr\/wp-content\/uploads\/2025\/07\/468548352_8913849885340851_176801697082075951_n-212x300.jpg 212w, https:\/\/eleiana.fr\/wp-content\/uploads\/2025\/07\/468548352_8913849885340851_176801697082075951_n-724x1024.jpg 724w, https:\/\/eleiana.fr\/wp-content\/uploads\/2025\/07\/468548352_8913849885340851_176801697082075951_n-768x1086.jpg 768w, https:\/\/eleiana.fr\/wp-content\/uploads\/2025\/07\/468548352_8913849885340851_176801697082075951_n-1086x1536.jpg 1086w, https:\/\/eleiana.fr\/wp-content\/uploads\/2025\/07\/468548352_8913849885340851_176801697082075951_n.jpg 1131w\" sizes=\"(max-width: 212px) 100vw, 212px\" \/><\/a><a href=\"https:\/\/eleiana.fr\/index.php\/home\/presence-salons-bien-etre-ou-marche\/journeezenprog\/\" rel=\"attachment wp-att-1045\"><img loading=\"lazy\" class=\"alignleft  wp-image-1045\" src=\"https:\/\/eleiana.fr\/wp-content\/uploads\/2025\/07\/JourneeZenprog-300x210.jpg\" alt=\"\" width=\"431\" height=\"302\" srcset=\"https:\/\/eleiana.fr\/wp-content\/uploads\/2025\/07\/JourneeZenprog-300x210.jpg 300w, https:\/\/eleiana.fr\/wp-content\/uploads\/2025\/07\/JourneeZenprog-1024x715.jpg 1024w, https:\/\/eleiana.fr\/wp-content\/uploads\/2025\/07\/JourneeZenprog-768x536.jpg 768w, https:\/\/eleiana.fr\/wp-content\/uploads\/2025\/07\/JourneeZenprog.jpg 1227w\" sizes=\"(max-width: 431px) 100vw, 431px\" \/><\/a><\/p>\n<p>&nbsp;<\/p>\n<p>&nbsp;<\/p>\n<p>&nbsp;<\/p>\n<p>&nbsp;<\/p>\n<p><a href=\"https:\/\/eleiana.fr\/index.php\/home\/presence-salons-bien-etre-ou-marche\/malleval-ef-2025-banner-compresse\/\" rel=\"attachment wp-att-1046\"><img loading=\"lazy\" class=\"alignleft size-large wp-image-1046\" src=\"https:\/\/eleiana.fr\/wp-content\/uploads\/2025\/07\/Malleval-EF-2025-BANNER-compresse-1024x512.jpg\" alt=\"\" width=\"525\" height=\"263\" srcset=\"https:\/\/eleiana.fr\/wp-content\/uploads\/2025\/07\/Malleval-EF-2025-BANNER-compresse-1024x512.jpg 1024w, https:\/\/eleiana.fr\/wp-content\/uploads\/2025\/07\/Malleval-EF-2025-BANNER-compresse-300x150.jpg 300w, https:\/\/eleiana.fr\/wp-content\/uploads\/2025\/07\/Malleval-EF-2025-BANNER-compresse-768x384.jpg 768w, https:\/\/eleiana.fr\/wp-content\/uploads\/2025\/07\/Malleval-EF-2025-BANNER-compresse-1536x768.jpg 1536w, https:\/\/eleiana.fr\/wp-content\/uploads\/2025\/07\/Malleval-EF-2025-BANNER-compresse.jpg 2000w\" sizes=\"(max-width: 525px) 100vw, 525px\" \/><\/a><\/p>\n","protected":false},"excerpt":{"rendered":"<p>&nbsp; &nbsp; &nbsp; &nbsp; &nbsp;<\/p>\n","protected":false},"author":1,"featured_media":0,"parent":11,"menu_order":1,"comment_status":"closed","ping_status":"closed","template":"","meta":[],"_links":{"self":[{"href":"https:\/\/eleiana.fr\/index.php\/wp-json\/wp\/v2\/pages\/613"}],"collection":[{"href":"https:\/\/eleiana.fr\/index.php\/wp-json\/wp\/v2\/pages"}],"about":[{"href":"https:\/\/eleiana.fr\/index.php\/wp-json\/wp\/v2\/types\/page"}],"author":[{"embeddable":true,"href":"https:\/\/eleiana.fr\/index.php\/wp-json\/wp\/v2\/users\/1"}],"replies":[{"embeddable":true,"href":"https:\/\/eleiana.fr\/index.php\/wp-json\/wp\/v2\/comments?post=613"}],"version-history":[{"count":21,"href":"https:\/\/eleiana.fr\/index.php\/wp-json\/wp\/v2\/pages\/613\/revisions"}],"predecessor-version":[{"id":1047,"href":"https:\/\/eleiana.fr\/index.php\/wp-json\/wp\/v2\/pages\/613\/revisions\/1047"}],"up":[{"embeddable":true,"href":"https:\/\/eleiana.fr\/index.php\/wp-json\/wp\/v2\/pages\/11"}],"wp:attachment":[{"href":"https:\/\/eleiana.fr\/index.php\/wp-json\/wp\/v2\/media?parent=613"}],"curies":[{"name":"wp","href":"https:\/\/api.w.org\/{rel}","templated":true}]}}

Présence salons bien-être ou marché
