{"id":49,"date":"2018-06-21T16:17:52","date_gmt":"2018-06-21T16:17:52","guid":{"rendered":"https:\/\/eleiana.fr\/?page_id=49"},"modified":"2020-02-14T14:46:57","modified_gmt":"2020-02-14T13:46:57","slug":"les-ateliers-deleiana","status":"publish","type":"page","link":"https:\/\/eleiana.fr\/index.php\/les-ateliers-deleiana\/","title":{"rendered":"Les ateliers d&rsquo;Ele\u00efana"},"content":{"rendered":"<p style=\"text-align: center;\"><img loading=\"lazy\" class=\"alignnone size-full wp-image-497\" src=\"https:\/\/eleiana.fr\/wp-content\/uploads\/2018\/12\/photo_meditation3.jpg\" alt=\"\" width=\"827\" height=\"781\" \/><span style=\"color: #800080;\">Ces ateliers sont une invitation \u00e0 la lib\u00e9ration de l&rsquo;\u00catre.<\/span><\/p>\n<p style=\"text-align: center;\"><span style=\"color: #800080;\">Ils sont issus de mon exp\u00e9rience et cheminement personnel, de ma rencontre avec les \u00e9nergies subtiles du vivant.<\/span><\/p>\n<p style=\"text-align: center;\"><em><span style=\"color: #800080;\">Alliance du son et de la voix, du pouvoir de l&rsquo;intention et du souffle,<\/span><\/em><\/p>\n<p style=\"text-align: center;\"><em><span style=\"color: #800080;\">un chemin de soi \u00e0 Soi<\/span><\/em><\/p>\n<p>&nbsp;<\/p>\n<p style=\"text-align: center;\"><a href=\"https:\/\/eleiana.fr\/index.php\/les-ateliers-deleiana\/164-1\/\"><span style=\"color: #800080;\">les outils utilis\u00e9s<\/span><\/a><\/p>\n<p>&nbsp;<\/p>\n<p>&nbsp;<\/p>\n","protected":false},"excerpt":{"rendered":"<p>Ces ateliers sont une invitation \u00e0 la lib\u00e9ration de l&rsquo;\u00catre. Ils sont issus de mon exp\u00e9rience et cheminement personnel, de ma rencontre avec les \u00e9nergies subtiles du vivant. Alliance du son et de la voix, du pouvoir de l&rsquo;intention et du souffle, un chemin de soi \u00e0 Soi &nbsp; les outils utilis\u00e9s &nbsp; &nbsp;<\/p>\n","protected":false},"author":1,"featured_media":0,"parent":0,"menu_order":1,"comment_status":"closed","ping_status":"closed","template":"","meta":[],"_links":{"self":[{"href":"https:\/\/eleiana.fr\/index.php\/wp-json\/wp\/v2\/pages\/49"}],"collection":[{"href":"https:\/\/eleiana.fr\/index.php\/wp-json\/wp\/v2\/pages"}],"about":[{"href":"https:\/\/eleiana.fr\/index.php\/wp-json\/wp\/v2\/types\/page"}],"author":[{"embeddable":true,"href":"https:\/\/eleiana.fr\/index.php\/wp-json\/wp\/v2\/users\/1"}],"replies":[{"embeddable":true,"href":"https:\/\/eleiana.fr\/index.php\/wp-json\/wp\/v2\/comments?post=49"}],"version-history":[{"count":22,"href":"https:\/\/eleiana.fr\/index.php\/wp-json\/wp\/v2\/pages\/49\/revisions"}],"predecessor-version":[{"id":936,"href":"https:\/\/eleiana.fr\/index.php\/wp-json\/wp\/v2\/pages\/49\/revisions\/936"}],"wp:attachment":[{"href":"https:\/\/eleiana.fr\/index.php\/wp-json\/wp\/v2\/media?parent=49"}],"curies":[{"name":"wp","href":"https:\/\/api.w.org\/{rel}","templated":true}]}}

Les ateliers d&rsquo;Eleïana

<p style="text-align: center;"><img loading="lazy" class="alignnone size-full wp-image-497" src="https://eleiana.fr/wp-content/uploads/2018/12/photo_meditation3.jpg" alt="" width="827" height="781" /><span style="color: #800080;">Ces ateliers sont une invitation à la libération de l&rsquo;Être.</span></p>
<p style="text-align: center;"><span style="color: #800080;">Ils sont issus de mon expérience et cheminement personnel, de ma rencontre avec les énergies subtiles du vivant.</span></p>
<p style="text-align: center;"><em><span style="color: #800080;">Alliance du son et de la voix, du pouvoir de l&rsquo;intention et du souffle,</span></em></p>
<p style="text-align: center;"><em><span style="color: #800080;">un chemin de soi à Soi</span></em></p>
<p>&nbsp;</p>
<p style="text-align: center;"><a href="https://eleiana.fr/index.php/les-ateliers-deleiana/164-1/"><span style="color: #800080;">les outils utilisés</span></a></p>
<p>&nbsp;</p>
<p>&nbsp;</p>

<p>Ces ateliers sont une invitation à la libération de l&rsquo;Être. Ils sont issus de mon expérience et cheminement personnel, de ma rencontre avec les énergies subtiles du vivant. Alliance du son et de la voix, du pouvoir de l&rsquo;intention et du souffle, un chemin de soi à Soi &nbsp; les outils utilisés &nbsp; &nbsp;</p>
