{"id":420,"date":"2018-12-05T16:55:37","date_gmt":"2018-12-05T16:55:37","guid":{"rendered":"https:\/\/eleiana.fr\/?page_id=420"},"modified":"2025-07-05T16:35:27","modified_gmt":"2025-07-05T14:35:27","slug":"mon-projet","status":"publish","type":"page","link":"https:\/\/eleiana.fr\/index.php\/qui-suis-je\/mon-projet\/","title":{"rendered":"Mon projet"},"content":{"rendered":"<p style=\"text-align: center;\"><em>\u00a0<\/em><\/p>\n<p style=\"text-align: center;\"><span style=\"color: #800080; font-size: 21px;\"><a href=\"https:\/\/eleiana.fr\/index.php\/qui-suis-je\/mon-projet\/isa_modif\/\" rel=\"attachment wp-att-1057\"><img loading=\"lazy\" class=\"alignleft size-full wp-image-1057\" src=\"https:\/\/eleiana.fr\/wp-content\/uploads\/2025\/07\/Isa_modif.jpg\" alt=\"\" width=\"1208\" height=\"2000\" srcset=\"https:\/\/eleiana.fr\/wp-content\/uploads\/2025\/07\/Isa_modif.jpg 1208w, https:\/\/eleiana.fr\/wp-content\/uploads\/2025\/07\/Isa_modif-181x300.jpg 181w, https:\/\/eleiana.fr\/wp-content\/uploads\/2025\/07\/Isa_modif-618x1024.jpg 618w, https:\/\/eleiana.fr\/wp-content\/uploads\/2025\/07\/Isa_modif-768x1272.jpg 768w, https:\/\/eleiana.fr\/wp-content\/uploads\/2025\/07\/Isa_modif-928x1536.jpg 928w\" sizes=\"(max-width: 706px) 89vw, (max-width: 767px) 82vw, 740px\" \/><\/a><\/span><\/p>\n<p style=\"text-align: center;\"><span style=\"color: #800080; font-size: 21px;\"><em>Je m&rsquo;appelle Isabelle Beauverie et apr\u00e8s plusieurs ann\u00e9es en d\u00e9veloppement personnel\u00a0 et formations, je d\u00e9cide en 2017 de prendre une disponibilit\u00e9 afin de cr\u00e9er mon entreprise individuelle en accompagnement au mieux-\u00eatre.<\/em><\/span><\/p>\n<p style=\"text-align: center;\"><span style=\"color: #800080; font-size: 21px;\"><em>Le chemin parcouru en 2018 m&rsquo;am\u00e8ne \u00e0 choisir la vibration d&rsquo;\u00c9le\u00efana comme nom. Je vous accompagne \u00e0 travers la lumi\u00e8re d&rsquo;\u00c9le\u00efana\u00a0 \u00e0 lib\u00e9rer vos blocages et \u00e0 cheminer plus sereinement.<\/em><\/span><\/p>\n","protected":false},"excerpt":{"rendered":"<p>\u00a0 Je m&rsquo;appelle Isabelle Beauverie et apr\u00e8s plusieurs ann\u00e9es en d\u00e9veloppement personnel\u00a0 et formations, je d\u00e9cide en 2017 de prendre une disponibilit\u00e9 afin de cr\u00e9er mon entreprise individuelle en accompagnement au mieux-\u00eatre. Le chemin parcouru en 2018 m&rsquo;am\u00e8ne \u00e0 choisir la vibration d&rsquo;\u00c9le\u00efana comme nom. Je vous accompagne \u00e0 travers la lumi\u00e8re d&rsquo;\u00c9le\u00efana\u00a0 \u00e0 lib\u00e9rer &hellip; <\/p>\n<p class=\"link-more\"><a href=\"https:\/\/eleiana.fr\/index.php\/qui-suis-je\/mon-projet\/\" class=\"more-link\">Continuer la lecture<span class=\"screen-reader-text\"> de &laquo;&nbsp;Mon projet&nbsp;&raquo;<\/span><\/a><\/p>\n","protected":false},"author":1,"featured_media":0,"parent":12,"menu_order":1,"comment_status":"closed","ping_status":"closed","template":"","meta":[],"_links":{"self":[{"href":"https:\/\/eleiana.fr\/index.php\/wp-json\/wp\/v2\/pages\/420"}],"collection":[{"href":"https:\/\/eleiana.fr\/index.php\/wp-json\/wp\/v2\/pages"}],"about":[{"href":"https:\/\/eleiana.fr\/index.php\/wp-json\/wp\/v2\/types\/page"}],"author":[{"embeddable":true,"href":"https:\/\/eleiana.fr\/index.php\/wp-json\/wp\/v2\/users\/1"}],"replies":[{"embeddable":true,"href":"https:\/\/eleiana.fr\/index.php\/wp-json\/wp\/v2\/comments?post=420"}],"version-history":[{"count":8,"href":"https:\/\/eleiana.fr\/index.php\/wp-json\/wp\/v2\/pages\/420\/revisions"}],"predecessor-version":[{"id":1058,"href":"https:\/\/eleiana.fr\/index.php\/wp-json\/wp\/v2\/pages\/420\/revisions\/1058"}],"up":[{"embeddable":true,"href":"https:\/\/eleiana.fr\/index.php\/wp-json\/wp\/v2\/pages\/12"}],"wp:attachment":[{"href":"https:\/\/eleiana.fr\/index.php\/wp-json\/wp\/v2\/media?parent=420"}],"curies":[{"name":"wp","href":"https:\/\/api.w.org\/{rel}","templated":true}]}}

<p style="text-align: center;"><em> </em></p>
<p style="text-align: center;"><span style="color: #800080; font-size: 21px;"><a href="https://eleiana.fr/index.php/qui-suis-je/mon-projet/isa_modif/" rel="attachment wp-att-1057"><img loading="lazy" class="alignleft size-full wp-image-1057" src="https://eleiana.fr/wp-content/uploads/2025/07/Isa_modif.jpg" alt="" width="1208" height="2000" srcset="https://eleiana.fr/wp-content/uploads/2025/07/Isa_modif.jpg 1208w, https://eleiana.fr/wp-content/uploads/2025/07/Isa_modif-181x300.jpg 181w, https://eleiana.fr/wp-content/uploads/2025/07/Isa_modif-618x1024.jpg 618w, https://eleiana.fr/wp-content/uploads/2025/07/Isa_modif-768x1272.jpg 768w, https://eleiana.fr/wp-content/uploads/2025/07/Isa_modif-928x1536.jpg 928w" sizes="(max-width: 706px) 89vw, (max-width: 767px) 82vw, 740px" /></a></span></p>
<p style="text-align: center;"><span style="color: #800080; font-size: 21px;"><em>Je m&rsquo;appelle Isabelle Beauverie et après plusieurs années en développement personnel  et formations, je décide en 2017 de prendre une disponibilité afin de créer mon entreprise individuelle en accompagnement au mieux-être.</em></span></p>
<p style="text-align: center;"><span style="color: #800080; font-size: 21px;"><em>Le chemin parcouru en 2018 m&rsquo;amène à choisir la vibration d&rsquo;Éleïana comme nom. Je vous accompagne à travers la lumière d&rsquo;Éleïana  à libérer vos blocages et à cheminer plus sereinement.</em></span></p>

<p>  Je m&rsquo;appelle Isabelle Beauverie et après plusieurs années en développement personnel  et formations, je décide en 2017 de prendre une disponibilité afin de créer mon entreprise individuelle en accompagnement au mieux-être. Le chemin parcouru en 2018 m&rsquo;amène à choisir la vibration d&rsquo;Éleïana comme nom. Je vous accompagne à travers la lumière d&rsquo;Éleïana  à libérer &hellip; </p>
<p class="link-more"><a href="https://eleiana.fr/index.php/qui-suis-je/mon-projet/" class="more-link">Continuer la lecture<span class="screen-reader-text"> de &laquo;&nbsp;Mon projet&nbsp;&raquo;</span></a></p>
