{"id":387,"date":"2018-12-03T17:51:03","date_gmt":"2018-12-03T17:51:03","guid":{"rendered":"https:\/\/eleiana.fr\/?page_id=387"},"modified":"2019-12-20T16:11:27","modified_gmt":"2019-12-20T15:11:27","slug":"a-qui-sadresse-le-vibart","status":"publish","type":"page","link":"https:\/\/eleiana.fr\/index.php\/blog\/a-qui-sadresse-le-vibart\/","title":{"rendered":"A qui s&rsquo;adresse le chant vibratoire ?"},"content":{"rendered":"<p style=\"text-align: center;\"><span style=\"color: #800080;\">Vous souhaitez lib\u00e9rer votre voix des entraves :<\/span><\/p>\n<p style=\"text-align: center;\"><span style=\"color: #800080;\">dues aux conditionnements \u00e9ducatifs (\u00ab\u00a0tu chantes faux\u00a0\u00bb&#8230;),<\/span><\/p>\n<p style=\"text-align: center;\"><span style=\"color: #800080;\">aux blocages \u00e9motionnels du dire,<\/span><\/p>\n<p style=\"text-align: center;\"><span style=\"color: #800080;\">d\u00e9passer les notes qui sonnent faux,<\/span><\/p>\n<p style=\"text-align: center;\"><span style=\"color: #800080;\">travailler votre outil vocal pour prendre plus d&rsquo;assurance en soi &#8230;<\/span><\/p>\n<p style=\"text-align: center;\"><span style=\"color: #800080;\">Une s\u00e9ance d&rsquo;accompagnement au chant vibratoire vous permet progressivement de lever ces blocages.<\/span><\/p>\n<p style=\"text-align: center;\"><span style=\"color: #800080;\">J&rsquo;adapte les s\u00e9ances par des exercices permettant de lib\u00e9rer le corps : exercice de r\u00e9sonance sonore, mouvement du corps&#8230;<\/span><\/p>\n","protected":false},"excerpt":{"rendered":"<p>Vous souhaitez lib\u00e9rer votre voix des entraves : dues aux conditionnements \u00e9ducatifs (\u00ab\u00a0tu chantes faux\u00a0\u00bb&#8230;), aux blocages \u00e9motionnels du dire, d\u00e9passer les notes qui sonnent faux, travailler votre outil vocal pour prendre plus d&rsquo;assurance en soi &#8230; Une s\u00e9ance d&rsquo;accompagnement au chant vibratoire vous permet progressivement de lever ces blocages. J&rsquo;adapte les s\u00e9ances par des &hellip; <\/p>\n<p class=\"link-more\"><a href=\"https:\/\/eleiana.fr\/index.php\/blog\/a-qui-sadresse-le-vibart\/\" class=\"more-link\">Continuer la lecture<span class=\"screen-reader-text\"> de &laquo;&nbsp;A qui s&rsquo;adresse le chant vibratoire ?&nbsp;&raquo;<\/span><\/a><\/p>\n","protected":false},"author":1,"featured_media":0,"parent":14,"menu_order":1,"comment_status":"closed","ping_status":"closed","template":"","meta":[],"_links":{"self":[{"href":"https:\/\/eleiana.fr\/index.php\/wp-json\/wp\/v2\/pages\/387"}],"collection":[{"href":"https:\/\/eleiana.fr\/index.php\/wp-json\/wp\/v2\/pages"}],"about":[{"href":"https:\/\/eleiana.fr\/index.php\/wp-json\/wp\/v2\/types\/page"}],"author":[{"embeddable":true,"href":"https:\/\/eleiana.fr\/index.php\/wp-json\/wp\/v2\/users\/1"}],"replies":[{"embeddable":true,"href":"https:\/\/eleiana.fr\/index.php\/wp-json\/wp\/v2\/comments?post=387"}],"version-history":[{"count":6,"href":"https:\/\/eleiana.fr\/index.php\/wp-json\/wp\/v2\/pages\/387\/revisions"}],"predecessor-version":[{"id":892,"href":"https:\/\/eleiana.fr\/index.php\/wp-json\/wp\/v2\/pages\/387\/revisions\/892"}],"up":[{"embeddable":true,"href":"https:\/\/eleiana.fr\/index.php\/wp-json\/wp\/v2\/pages\/14"}],"wp:attachment":[{"href":"https:\/\/eleiana.fr\/index.php\/wp-json\/wp\/v2\/media?parent=387"}],"curies":[{"name":"wp","href":"https:\/\/api.w.org\/{rel}","templated":true}]}}

<p style="text-align: center;"><span style="color: #800080;">Vous souhaitez libérer votre voix des entraves :</span></p>
<p style="text-align: center;"><span style="color: #800080;">dues aux conditionnements éducatifs (« tu chantes faux »&#8230;),</span></p>
<p style="text-align: center;"><span style="color: #800080;">aux blocages émotionnels du dire,</span></p>
<p style="text-align: center;"><span style="color: #800080;">dépasser les notes qui sonnent faux,</span></p>
<p style="text-align: center;"><span style="color: #800080;">travailler votre outil vocal pour prendre plus d&rsquo;assurance en soi &#8230;</span></p>
<p style="text-align: center;"><span style="color: #800080;">Une séance d&rsquo;accompagnement au chant vibratoire vous permet progressivement de lever ces blocages.</span></p>
<p style="text-align: center;"><span style="color: #800080;">J&rsquo;adapte les séances par des exercices permettant de libérer le corps : exercice de résonance sonore, mouvement du corps&#8230;</span></p>

<p>Vous souhaitez libérer votre voix des entraves : dues aux conditionnements éducatifs (« tu chantes faux »&#8230;), aux blocages émotionnels du dire, dépasser les notes qui sonnent faux, travailler votre outil vocal pour prendre plus d&rsquo;assurance en soi &#8230; Une séance d&rsquo;accompagnement au chant vibratoire vous permet progressivement de lever ces blocages. J&rsquo;adapte les séances par des &hellip; </p>
<p class="link-more"><a href="https://eleiana.fr/index.php/blog/a-qui-sadresse-le-vibart/" class="more-link">Continuer la lecture<span class="screen-reader-text"> de &laquo;&nbsp;A qui s&rsquo;adresse le chant vibratoire ?&nbsp;&raquo;</span></a></p>
