{"id":378,"date":"2018-12-03T17:32:44","date_gmt":"2018-12-03T17:32:44","guid":{"rendered":"https:\/\/eleiana.fr\/?page_id=378"},"modified":"2019-10-02T15:52:08","modified_gmt":"2019-10-02T13:52:08","slug":"a-qui-sadresse-la-bioenergie","status":"publish","type":"page","link":"https:\/\/eleiana.fr\/index.php\/bioenergie-equilibrage-energetique\/a-qui-sadresse-la-bioenergie\/","title":{"rendered":"A qui s&rsquo;adresse l&rsquo;harmonisation \u00e9nerg\u00e9tique et vibratoire ?"},"content":{"rendered":"<p style=\"text-align: center;\"><span style=\"color: #800080;\">L&rsquo;harmonisation \u00e9nerg\u00e9tique et vibratoire s&rsquo;adresse \u00e0 toute personne d\u00e9sirant d\u00e9bloquer des situations r\u00e9currentes, apaiser son mental et son \u00e9motionnel&#8230;<\/span><\/p>\n<p style=\"text-align: center;\"><span style=\"color: #800080;\">\u00a0Elle am\u00e8ne \u00e0 \u00eatre pleinement dans son chemin d&rsquo;\u00e9volution.<\/span><\/p>\n<p>&nbsp;<\/p>\n<p style=\"text-align: center;\"><span style=\"color: #800080;\">Attention : les s\u00e9ances\u00a0 ne se substituent pas \u00e0 un traitement et suivi m\u00e9dical.<\/span><\/p>\n","protected":false},"excerpt":{"rendered":"<p>L&rsquo;harmonisation \u00e9nerg\u00e9tique et vibratoire s&rsquo;adresse \u00e0 toute personne d\u00e9sirant d\u00e9bloquer des situations r\u00e9currentes, apaiser son mental et son \u00e9motionnel&#8230; \u00a0Elle am\u00e8ne \u00e0 \u00eatre pleinement dans son chemin d&rsquo;\u00e9volution. &nbsp; Attention : les s\u00e9ances\u00a0 ne se substituent pas \u00e0 un traitement et suivi m\u00e9dical.<\/p>\n","protected":false},"author":1,"featured_media":0,"parent":98,"menu_order":2,"comment_status":"closed","ping_status":"closed","template":"","meta":[],"_links":{"self":[{"href":"https:\/\/eleiana.fr\/index.php\/wp-json\/wp\/v2\/pages\/378"}],"collection":[{"href":"https:\/\/eleiana.fr\/index.php\/wp-json\/wp\/v2\/pages"}],"about":[{"href":"https:\/\/eleiana.fr\/index.php\/wp-json\/wp\/v2\/types\/page"}],"author":[{"embeddable":true,"href":"https:\/\/eleiana.fr\/index.php\/wp-json\/wp\/v2\/users\/1"}],"replies":[{"embeddable":true,"href":"https:\/\/eleiana.fr\/index.php\/wp-json\/wp\/v2\/comments?post=378"}],"version-history":[{"count":6,"href":"https:\/\/eleiana.fr\/index.php\/wp-json\/wp\/v2\/pages\/378\/revisions"}],"predecessor-version":[{"id":872,"href":"https:\/\/eleiana.fr\/index.php\/wp-json\/wp\/v2\/pages\/378\/revisions\/872"}],"up":[{"embeddable":true,"href":"https:\/\/eleiana.fr\/index.php\/wp-json\/wp\/v2\/pages\/98"}],"wp:attachment":[{"href":"https:\/\/eleiana.fr\/index.php\/wp-json\/wp\/v2\/media?parent=378"}],"curies":[{"name":"wp","href":"https:\/\/api.w.org\/{rel}","templated":true}]}}

A qui s&rsquo;adresse l&rsquo;harmonisation énergétique et vibratoire ?

<p style="text-align: center;"><span style="color: #800080;">L&rsquo;harmonisation énergétique et vibratoire s&rsquo;adresse à toute personne désirant débloquer des situations récurrentes, apaiser son mental et son émotionnel&#8230;</span></p>
<p style="text-align: center;"><span style="color: #800080;"> Elle amène à être pleinement dans son chemin d&rsquo;évolution.</span></p>
<p>&nbsp;</p>
<p style="text-align: center;"><span style="color: #800080;">Attention : les séances  ne se substituent pas à un traitement et suivi médical.</span></p>

<p>L&rsquo;harmonisation énergétique et vibratoire s&rsquo;adresse à toute personne désirant débloquer des situations récurrentes, apaiser son mental et son émotionnel&#8230;  Elle amène à être pleinement dans son chemin d&rsquo;évolution. &nbsp; Attention : les séances  ne se substituent pas à un traitement et suivi médical.</p>
