{"id":3,"date":"2018-06-19T10:20:03","date_gmt":"2018-06-19T10:20:03","guid":{"rendered":"https:\/\/eleiana.fr\/?page_id=3"},"modified":"2018-12-10T14:09:18","modified_gmt":"2018-12-10T14:09:18","slug":"privacy-policy","status":"publish","type":"page","link":"https:\/\/eleiana.fr\/index.php\/privacy-policy\/","title":{"rendered":"Politique de confidentialit\u00e9"},"content":{"rendered":"<h2><span style=\"color: #800080;\">Qui est Ele\u00efana.fr<\/span><\/h2>\n<p><span style=\"color: #800080;\">Ce site est une vitrine des activit\u00e9s propos\u00e9es par Isabelle\u00a0 Beauverie dans le cadre de sa micro-entreprise d&rsquo;accompagnement aux mieux-\u00eatre, enregistr\u00e9e sous le num\u00e9ro SIRET 833 111 834 00010.<\/span><\/p>\n<h2><span style=\"color: #800080;\">Utilisation des donn\u00e9es personnelles collect\u00e9es<\/span><\/h2>\n<p><span style=\"color: #800080;\">Vos informations personnelles ne seront en aucun transmises \u00e0 des tiers. Elles sont seulement collect\u00e9es lorsque vous saisissez des commentaires.\u00a0<\/span><\/p>\n<h2><span style=\"color: #800080;\">Commentaires<\/span><\/h2>\n<p><span style=\"color: #800080;\">Quand vous laissez un commentaire sur notre site web, les donn\u00e9es inscrites dans le formulaire de commentaire, mais aussi votre adresse IP et l\u2019agent utilisateur de votre navigateur sont collect\u00e9s pour nous aider \u00e0 la d\u00e9tection des commentaires ind\u00e9sirables.<\/span><\/p>\n<h2><span style=\"color: #800080;\">Cookies<\/span><\/h2>\n<p><span style=\"color: #800080;\">Si vous d\u00e9posez un commentaire sur notre site, il vous sera propos\u00e9 d\u2019enregistrer votre nom, adresse de messagerie et site web dans des cookies. C\u2019est uniquement pour votre confort afin de ne pas avoir \u00e0 saisir ces informations si vous d\u00e9posez un autre commentaire plus tard. Ces cookies expirent au bout d\u2019un an.<\/span><\/p>\n<h2><span style=\"color: #800080;\">Dur\u00e9es de stockage de vos donn\u00e9es<\/span><\/h2>\n<p><span style=\"color: #800080;\">Si vous laissez un commentaire, le commentaire et ses m\u00e9tadonn\u00e9es sont conserv\u00e9s ind\u00e9finiment.<\/span><\/p>\n<h2><span style=\"color: #800080;\">Les droits que vous avez sur vos donn\u00e9es<\/span><\/h2>\n<p><span style=\"color: #800080;\">Si vous avez un compte ou si vous avez laiss\u00e9 des commentaires sur le site, vous pouvez demander \u00e0 recevoir un fichier contenant toutes les donn\u00e9es personnelles que nous poss\u00e9dons \u00e0 votre sujet, incluant celles que vous nous avez fournies. Vous pouvez \u00e9galement demander la suppression des donn\u00e9es personnelles vous concernant. Cela ne prend pas en compte les donn\u00e9es stock\u00e9es \u00e0 des fins administratives, l\u00e9gales ou pour des raisons de s\u00e9curit\u00e9.<\/span><\/p>\n<h2><span style=\"color: #800080;\">Informations de contact<\/span><\/h2>\n<p class=\"privacy-policy-tutorial\"><span style=\"color: #800080;\">Concernant\u00a0 la vie priv\u00e9e, merci d&rsquo;envoyer vos demandes \u00e0 Isabelle Beauverie via le courriel eleiana38@gmail.com.<\/span><\/p>\n<p class=\"privacy-policy-tutorial\">\n","protected":false},"excerpt":{"rendered":"<p>Qui est Ele\u00efana.fr Ce site est une vitrine des activit\u00e9s propos\u00e9es par Isabelle\u00a0 Beauverie dans le cadre de sa micro-entreprise d&rsquo;accompagnement aux mieux-\u00eatre, enregistr\u00e9e sous le num\u00e9ro SIRET 833 111 834 00010. Utilisation des donn\u00e9es personnelles collect\u00e9es Vos informations personnelles ne seront en aucun transmises \u00e0 des tiers. Elles sont seulement collect\u00e9es lorsque vous saisissez &hellip; <\/p>\n<p class=\"link-more\"><a href=\"https:\/\/eleiana.fr\/index.php\/privacy-policy\/\" class=\"more-link\">Continuer la lecture<span class=\"screen-reader-text\"> de &laquo;&nbsp;Politique de confidentialit\u00e9&nbsp;&raquo;<\/span><\/a><\/p>\n","protected":false},"author":1,"featured_media":0,"parent":0,"menu_order":0,"comment_status":"closed","ping_status":"open","template":"","meta":[],"_links":{"self":[{"href":"https:\/\/eleiana.fr\/index.php\/wp-json\/wp\/v2\/pages\/3"}],"collection":[{"href":"https:\/\/eleiana.fr\/index.php\/wp-json\/wp\/v2\/pages"}],"about":[{"href":"https:\/\/eleiana.fr\/index.php\/wp-json\/wp\/v2\/types\/page"}],"author":[{"embeddable":true,"href":"https:\/\/eleiana.fr\/index.php\/wp-json\/wp\/v2\/users\/1"}],"replies":[{"embeddable":true,"href":"https:\/\/eleiana.fr\/index.php\/wp-json\/wp\/v2\/comments?post=3"}],"version-history":[{"count":9,"href":"https:\/\/eleiana.fr\/index.php\/wp-json\/wp\/v2\/pages\/3\/revisions"}],"predecessor-version":[{"id":500,"href":"https:\/\/eleiana.fr\/index.php\/wp-json\/wp\/v2\/pages\/3\/revisions\/500"}],"wp:attachment":[{"href":"https:\/\/eleiana.fr\/index.php\/wp-json\/wp\/v2\/media?parent=3"}],"curies":[{"name":"wp","href":"https:\/\/api.w.org\/{rel}","templated":true}]}}