{"id":230,"date":"2018-11-19T16:08:04","date_gmt":"2018-11-19T16:08:04","guid":{"rendered":"https:\/\/eleiana.fr\/?page_id=230"},"modified":"2018-12-16T13:46:17","modified_gmt":"2018-12-16T12:46:17","slug":"aura-corps-subtils-chakras","status":"publish","type":"page","link":"https:\/\/eleiana.fr\/index.php\/bioenergie-equilibrage-energetique\/aura-corps-subtils-chakras\/","title":{"rendered":"Aura, corps subtils, chakras&#8230;?"},"content":{"rendered":"<p style=\"text-align: center;\"><span style=\"color: #800080;\">Vous trouverez sous cette rubrique diff\u00e9rents articles vous permettant de mieux appr\u00e9hender le syst\u00e8me \u00e9nerg\u00e9tique de l&rsquo;\u00catre humain.<\/span><\/p>\n<p style=\"text-align: center;\"><span style=\"color: #800080;\"><a style=\"color: #800080;\" href=\"https:\/\/eleiana.fr\/index.php\/bioenergie-equilibrage-energetique\/aura-corps-subtils-chakras\/les-differents-corps-subtils\/\">Les diff\u00e9rents corps subtils de notre aura<\/a><\/span><\/p>\n<p style=\"text-align: center;\"><span style=\"color: #800080;\"><a style=\"color: #800080;\" href=\"https:\/\/eleiana.fr\/index.php\/bioenergie-equilibrage-energetique\/aura-corps-subtils-chakras\/chakras-plexus\/\">Les chakras et plexus<\/a><\/span><\/p>\n","protected":false},"excerpt":{"rendered":"<p>Vous trouverez sous cette rubrique diff\u00e9rents articles vous permettant de mieux appr\u00e9hender le syst\u00e8me \u00e9nerg\u00e9tique de l&rsquo;\u00catre humain. Les diff\u00e9rents corps subtils de notre aura Les chakras et plexus<\/p>\n","protected":false},"author":1,"featured_media":0,"parent":98,"menu_order":3,"comment_status":"closed","ping_status":"closed","template":"","meta":[],"_links":{"self":[{"href":"https:\/\/eleiana.fr\/index.php\/wp-json\/wp\/v2\/pages\/230"}],"collection":[{"href":"https:\/\/eleiana.fr\/index.php\/wp-json\/wp\/v2\/pages"}],"about":[{"href":"https:\/\/eleiana.fr\/index.php\/wp-json\/wp\/v2\/types\/page"}],"author":[{"embeddable":true,"href":"https:\/\/eleiana.fr\/index.php\/wp-json\/wp\/v2\/users\/1"}],"replies":[{"embeddable":true,"href":"https:\/\/eleiana.fr\/index.php\/wp-json\/wp\/v2\/comments?post=230"}],"version-history":[{"count":16,"href":"https:\/\/eleiana.fr\/index.php\/wp-json\/wp\/v2\/pages\/230\/revisions"}],"predecessor-version":[{"id":638,"href":"https:\/\/eleiana.fr\/index.php\/wp-json\/wp\/v2\/pages\/230\/revisions\/638"}],"up":[{"embeddable":true,"href":"https:\/\/eleiana.fr\/index.php\/wp-json\/wp\/v2\/pages\/98"}],"wp:attachment":[{"href":"https:\/\/eleiana.fr\/index.php\/wp-json\/wp\/v2\/media?parent=230"}],"curies":[{"name":"wp","href":"https:\/\/api.w.org\/{rel}","templated":true}]}}

<p style="text-align: center;"><span style="color: #800080;">Vous trouverez sous cette rubrique différents articles vous permettant de mieux appréhender le système énergétique de l&rsquo;Être humain.</span></p>
<p style="text-align: center;"><span style="color: #800080;"><a style="color: #800080;" href="https://eleiana.fr/index.php/bioenergie-equilibrage-energetique/aura-corps-subtils-chakras/les-differents-corps-subtils/">Les différents corps subtils de notre aura</a></span></p>
<p style="text-align: center;"><span style="color: #800080;"><a style="color: #800080;" href="https://eleiana.fr/index.php/bioenergie-equilibrage-energetique/aura-corps-subtils-chakras/chakras-plexus/">Les chakras et plexus</a></span></p>

<p>Vous trouverez sous cette rubrique différents articles vous permettant de mieux appréhender le système énergétique de l&rsquo;Être humain. Les différents corps subtils de notre aura Les chakras et plexus</p>
