{"id":207,"date":"2018-11-18T08:05:55","date_gmt":"2018-11-18T08:05:55","guid":{"rendered":"https:\/\/eleiana.fr\/?page_id=207"},"modified":"2025-07-04T21:24:19","modified_gmt":"2025-07-04T19:24:19","slug":"tarifs-ateliers","status":"publish","type":"page","link":"https:\/\/eleiana.fr\/index.php\/les-ateliers-deleiana\/tarifs-ateliers\/","title":{"rendered":"Les lieux"},"content":{"rendered":"<p>&nbsp;<\/p>\n<p style=\"text-align: center;\"><span style=\"font-size: 21px; color: #000000;\"><span style=\"color: #800080;\">Je vous proposerai en cocr\u00e9ation avec Sandrine Chavrier (Ma Sage Cr\u00e9ation) un atelier d\u00e9couverte lors des jeudis du Bien-\u00catre au <\/span><\/span><\/p>\n<p style=\"text-align: center;\"><span style=\"font-size: 28px; color: #000000;\"><span style=\"color: #800080;\">Centre Em&rsquo;Amour, 2560 route de chatte, <\/span><\/span><\/p>\n<p style=\"text-align: center;\"><span style=\"font-size: 28px; color: #000000;\"><span style=\"color: #800080;\">38160 Chevri\u00e8res<\/span><\/span><\/p>\n<p style=\"text-align: center;\"><span style=\"font-size: 22px;\"><span style=\"color: #800080;\"><a href=\"https:\/\/eleiana.fr\/index.php\/\u00e9v\u00e8nement\/atelier-decouverte-meditation-guidee-son-voix\/publi-evenement-fb-31-juillet\/\" rel=\"attachment wp-att-1051\"><img loading=\"lazy\" class=\"size-large wp-image-1051 aligncenter\" src=\"https:\/\/eleiana.fr\/wp-content\/uploads\/2025\/07\/Publi-Evenement-FB-31-juillet-1024x576.jpg\" alt=\"\" width=\"525\" height=\"295\" srcset=\"https:\/\/eleiana.fr\/wp-content\/uploads\/2025\/07\/Publi-Evenement-FB-31-juillet-1024x576.jpg 1024w, https:\/\/eleiana.fr\/wp-content\/uploads\/2025\/07\/Publi-Evenement-FB-31-juillet-300x169.jpg 300w, https:\/\/eleiana.fr\/wp-content\/uploads\/2025\/07\/Publi-Evenement-FB-31-juillet-768x432.jpg 768w, https:\/\/eleiana.fr\/wp-content\/uploads\/2025\/07\/Publi-Evenement-FB-31-juillet-1536x864.jpg 1536w, https:\/\/eleiana.fr\/wp-content\/uploads\/2025\/07\/Publi-Evenement-FB-31-juillet-2048x1152.jpg 2048w\" sizes=\"(max-width: 525px) 100vw, 525px\" \/><\/a><\/span><\/span><\/p>\n<p style=\"text-align: center;\"><span style=\"font-size: 21px;\">et \u00e0 partir de septembre \u00e9galement sur <span style=\"font-size: 28px;\">Vinay<\/span><\/span><\/p>\n<p>&nbsp;<\/p>\n","protected":false},"excerpt":{"rendered":"<p>&nbsp; Je vous proposerai en cocr\u00e9ation avec Sandrine Chavrier (Ma Sage Cr\u00e9ation) un atelier d\u00e9couverte lors des jeudis du Bien-\u00catre au Centre Em&rsquo;Amour, 2560 route de chatte, 38160 Chevri\u00e8res et \u00e0 partir de septembre \u00e9galement sur Vinay &nbsp;<\/p>\n","protected":false},"author":1,"featured_media":0,"parent":49,"menu_order":3,"comment_status":"closed","ping_status":"closed","template":"","meta":[],"_links":{"self":[{"href":"https:\/\/eleiana.fr\/index.php\/wp-json\/wp\/v2\/pages\/207"}],"collection":[{"href":"https:\/\/eleiana.fr\/index.php\/wp-json\/wp\/v2\/pages"}],"about":[{"href":"https:\/\/eleiana.fr\/index.php\/wp-json\/wp\/v2\/types\/page"}],"author":[{"embeddable":true,"href":"https:\/\/eleiana.fr\/index.php\/wp-json\/wp\/v2\/users\/1"}],"replies":[{"embeddable":true,"href":"https:\/\/eleiana.fr\/index.php\/wp-json\/wp\/v2\/comments?post=207"}],"version-history":[{"count":12,"href":"https:\/\/eleiana.fr\/index.php\/wp-json\/wp\/v2\/pages\/207\/revisions"}],"predecessor-version":[{"id":1052,"href":"https:\/\/eleiana.fr\/index.php\/wp-json\/wp\/v2\/pages\/207\/revisions\/1052"}],"up":[{"embeddable":true,"href":"https:\/\/eleiana.fr\/index.php\/wp-json\/wp\/v2\/pages\/49"}],"wp:attachment":[{"href":"https:\/\/eleiana.fr\/index.php\/wp-json\/wp\/v2\/media?parent=207"}],"curies":[{"name":"wp","href":"https:\/\/api.w.org\/{rel}","templated":true}]}}

<p>&nbsp;</p>
<p style="text-align: center;"><span style="font-size: 21px; color: #000000;"><span style="color: #800080;">Je vous proposerai en cocréation avec Sandrine Chavrier (Ma Sage Création) un atelier découverte lors des jeudis du Bien-Être au </span></span></p>
<p style="text-align: center;"><span style="font-size: 28px; color: #000000;"><span style="color: #800080;">Centre Em&rsquo;Amour, 2560 route de chatte, </span></span></p>
<p style="text-align: center;"><span style="font-size: 28px; color: #000000;"><span style="color: #800080;">38160 Chevrières</span></span></p>
<p style="text-align: center;"><span style="font-size: 22px;"><span style="color: #800080;"><a href="https://eleiana.fr/index.php/évènement/atelier-decouverte-meditation-guidee-son-voix/publi-evenement-fb-31-juillet/" rel="attachment wp-att-1051"><img loading="lazy" class="size-large wp-image-1051 aligncenter" src="https://eleiana.fr/wp-content/uploads/2025/07/Publi-Evenement-FB-31-juillet-1024x576.jpg" alt="" width="525" height="295" srcset="https://eleiana.fr/wp-content/uploads/2025/07/Publi-Evenement-FB-31-juillet-1024x576.jpg 1024w, https://eleiana.fr/wp-content/uploads/2025/07/Publi-Evenement-FB-31-juillet-300x169.jpg 300w, https://eleiana.fr/wp-content/uploads/2025/07/Publi-Evenement-FB-31-juillet-768x432.jpg 768w, https://eleiana.fr/wp-content/uploads/2025/07/Publi-Evenement-FB-31-juillet-1536x864.jpg 1536w, https://eleiana.fr/wp-content/uploads/2025/07/Publi-Evenement-FB-31-juillet-2048x1152.jpg 2048w" sizes="(max-width: 525px) 100vw, 525px" /></a></span></span></p>
<p style="text-align: center;"><span style="font-size: 21px;">et à partir de septembre également sur <span style="font-size: 28px;">Vinay</span></span></p>
<p>&nbsp;</p>

<p>&nbsp; Je vous proposerai en cocréation avec Sandrine Chavrier (Ma Sage Création) un atelier découverte lors des jeudis du Bien-Être au Centre Em&rsquo;Amour, 2560 route de chatte, 38160 Chevrières et à partir de septembre également sur Vinay &nbsp;</p>
