{"id":200,"date":"2018-11-18T08:02:17","date_gmt":"2018-11-18T08:02:17","guid":{"rendered":"https:\/\/eleiana.fr\/?page_id=200"},"modified":"2018-12-10T13:47:56","modified_gmt":"2018-12-10T13:47:56","slug":"differentes-formules-son-et-voix","status":"publish","type":"page","link":"https:\/\/eleiana.fr\/index.php\/blog\/differentes-formules-son-et-voix\/","title":{"rendered":"Diff\u00e9rentes formules son et voix"},"content":{"rendered":"<p style=\"text-align: center;\"><span style=\"color: #800080;\">Une s\u00e9ance d&rsquo;accompagnement au chant vibratoire dure environ une heure.<\/span><\/p>\n<p style=\"text-align: center;\"><span style=\"color: #800080;\">Afin de vous aider dans le l\u00e2cher-prise, la s\u00e9ance Vib&rsquo;art\u00ae peut \u00eatre coupl\u00e9e avec une relaxation sonore. Cette relaxation est une m\u00e9ditation guid\u00e9e qui va agir sur les blocages \u00e9nerg\u00e9tiques du corps gr\u00e2ce aux effets harmonisant du Kotamo et de mon chant vibratoire. Dur\u00e9e : 1h30 \u00e0 2h00<\/span><\/p>\n","protected":false},"excerpt":{"rendered":"<p>Une s\u00e9ance d&rsquo;accompagnement au chant vibratoire dure environ une heure. Afin de vous aider dans le l\u00e2cher-prise, la s\u00e9ance Vib&rsquo;art\u00ae peut \u00eatre coupl\u00e9e avec une relaxation sonore. Cette relaxation est une m\u00e9ditation guid\u00e9e qui va agir sur les blocages \u00e9nerg\u00e9tiques du corps gr\u00e2ce aux effets harmonisant du Kotamo et de mon chant vibratoire. Dur\u00e9e : &hellip; <\/p>\n<p class=\"link-more\"><a href=\"https:\/\/eleiana.fr\/index.php\/blog\/differentes-formules-son-et-voix\/\" class=\"more-link\">Continuer la lecture<span class=\"screen-reader-text\"> de &laquo;&nbsp;Diff\u00e9rentes formules son et voix&nbsp;&raquo;<\/span><\/a><\/p>\n","protected":false},"author":1,"featured_media":0,"parent":14,"menu_order":3,"comment_status":"closed","ping_status":"closed","template":"","meta":[],"_links":{"self":[{"href":"https:\/\/eleiana.fr\/index.php\/wp-json\/wp\/v2\/pages\/200"}],"collection":[{"href":"https:\/\/eleiana.fr\/index.php\/wp-json\/wp\/v2\/pages"}],"about":[{"href":"https:\/\/eleiana.fr\/index.php\/wp-json\/wp\/v2\/types\/page"}],"author":[{"embeddable":true,"href":"https:\/\/eleiana.fr\/index.php\/wp-json\/wp\/v2\/users\/1"}],"replies":[{"embeddable":true,"href":"https:\/\/eleiana.fr\/index.php\/wp-json\/wp\/v2\/comments?post=200"}],"version-history":[{"count":5,"href":"https:\/\/eleiana.fr\/index.php\/wp-json\/wp\/v2\/pages\/200\/revisions"}],"predecessor-version":[{"id":483,"href":"https:\/\/eleiana.fr\/index.php\/wp-json\/wp\/v2\/pages\/200\/revisions\/483"}],"up":[{"embeddable":true,"href":"https:\/\/eleiana.fr\/index.php\/wp-json\/wp\/v2\/pages\/14"}],"wp:attachment":[{"href":"https:\/\/eleiana.fr\/index.php\/wp-json\/wp\/v2\/media?parent=200"}],"curies":[{"name":"wp","href":"https:\/\/api.w.org\/{rel}","templated":true}]}}

Différentes formules son et voix

<p style="text-align: center;"><span style="color: #800080;">Une séance d&rsquo;accompagnement au chant vibratoire dure environ une heure.</span></p>
<p style="text-align: center;"><span style="color: #800080;">Afin de vous aider dans le lâcher-prise, la séance Vib&rsquo;art® peut être couplée avec une relaxation sonore. Cette relaxation est une méditation guidée qui va agir sur les blocages énergétiques du corps grâce aux effets harmonisant du Kotamo et de mon chant vibratoire. Durée : 1h30 à 2h00</span></p>

<p>Une séance d&rsquo;accompagnement au chant vibratoire dure environ une heure. Afin de vous aider dans le lâcher-prise, la séance Vib&rsquo;art® peut être couplée avec une relaxation sonore. Cette relaxation est une méditation guidée qui va agir sur les blocages énergétiques du corps grâce aux effets harmonisant du Kotamo et de mon chant vibratoire. Durée : &hellip; </p>
<p class="link-more"><a href="https://eleiana.fr/index.php/blog/differentes-formules-son-et-voix/" class="more-link">Continuer la lecture<span class="screen-reader-text"> de &laquo;&nbsp;Différentes formules son et voix&nbsp;&raquo;</span></a></p>
