{"id":177,"date":"2018-11-17T16:40:10","date_gmt":"2018-11-17T16:40:10","guid":{"rendered":"https:\/\/eleiana.fr\/?page_id=177"},"modified":"2025-07-04T21:37:47","modified_gmt":"2025-07-04T19:37:47","slug":"mon-parcours","status":"publish","type":"page","link":"https:\/\/eleiana.fr\/index.php\/qui-suis-je\/mon-parcours\/","title":{"rendered":"Mon parcours"},"content":{"rendered":"<p class=\"western\" style=\"text-align: center;\" align=\"justify\"><span style=\"color: #481d32; font-family: 'Dancing Script';\"><span style=\"font-size: x-large;\">Pendant mon enfance, la danse m\u2019accompagne \u00e0 chaque instant, elle est un levier de la Joie en moi. L\u2019adolescence et ses fac\u00e9ties marquent une pause dans mon engouement pour le mouvement. C\u2019est \u00e0 l\u2019\u00e2ge adulte que je me reconnecte par la Danse africaine.<\/span><\/span><\/p>\n<p class=\"western\" style=\"text-align: center;\" align=\"justify\"><span style=\"font-family: 'Dancing Script';\"><span style=\"color: #481d32;\"><span style=\"font-size: x-large;\">En 2003, je vis une gu\u00e9rison personnelle qui me permet de me reconnecter \u00e0 mes mains lumi\u00e8res. Je vais vers un chemin personnel de reconnexion et me forme au <\/span><\/span><span style=\"color: #481d32;\"><span style=\"font-size: x-large;\"><b>massage Tanaka<\/b><\/span><\/span><span style=\"color: #481d32;\"><span style=\"font-size: x-large;\"> (combinaison de mouvement de yoga, shiatsu et mobilisation). <\/span><\/span><\/span><\/p>\n<p class=\"western\" style=\"text-align: center;\" align=\"justify\"><span style=\"font-family: 'Dancing Script';\"><span style=\"color: #481d32;\"><span style=\"font-size: x-large;\">Ce massage m\u2019invite \u00e0 retourner \u00e0 mes premiers amours . L\u2019\u00e9vidence s\u2019impose \u00e0 moi de poursuivre avec la formation praticienne en <\/span><\/span><span style=\"color: #481d32;\"><span style=\"font-size: x-large;\"><b>Danse de l\u2019\u00catre\u00a9<\/b><\/span><\/span><span style=\"color: #481d32;\"><span style=\"font-size: x-large;\">(certifi\u00e9e en 2007). Je trouve enfin <\/span><\/span><span style=\"color: #481d32;\"><span style=\"font-size: x-large;\">ce que je cherchais <\/span><\/span><span style=\"color: #481d32;\"><span style=\"font-size: x-large;\">depuis ma tendre enfance : une danse de reliance avec les \u00e9nergies pr\u00e9sentes en toute chose, une danse qui nous invite \u00e0 la lib\u00e9ration de nos blocages, qui remet en harmonie notre \u00ab\u00a0Corps-C\u0153ur-Esprit\u00a0\u00bb.<\/span><\/span><\/span><\/p>\n<p class=\"western\" style=\"text-align: center;\" align=\"justify\"><span style=\"color: #481d32; font-family: 'Dancing Script';\"><span style=\"font-size: x-large;\">Sur mon chemin, je rencontre le Didgerido, instrument aborig\u00e8ne qui utilise le bourdon. Cet instrument m\u2019invite progressivement \u00e0 d\u00e9velopper mon propre chant. <\/span><\/span><\/p>\n<p class=\"western\" style=\"text-align: center;\" align=\"justify\"><span style=\"font-family: 'Dancing Script';\"><span style=\"color: #481d32;\"><span style=\"font-size: x-large;\">Mes pas me conduiront \u00e0 me former en tant que <\/span><\/span><span style=\"color: #481d32;\"><span style=\"font-size: x-large;\"><b>Coach Vib\u2019art\u00ae<\/b><\/span><\/span><span style=\"color: #481d32;\"><span style=\"font-size: x-large;\">(2014-2015) pour accompagner les personnes \u00e0 lib\u00e9rer leur propre voix.<\/span><\/span><\/span><\/p>\n<p class=\"western\" style=\"text-align: center;\" align=\"justify\"><span style=\"font-family: 'Dancing Script';\"><span style=\"color: #481d32;\"><span style=\"font-size: x-large;\">Je me forme \u00e0 la <\/span><\/span><span style=\"color: #481d32;\"><span style=\"font-size: x-large;\"><b>Bio \u00e9nergie et g\u00e9obiologie de l\u2019habitat<\/b><\/span><\/span><span style=\"color: #481d32;\"><span style=\"font-size: x-large;\"> avec l\u2019\u00e9cole Oviloroi. J\u2019affine alors ma perception \u00e9nerg\u00e9tique du corps humain et de la perception des \u00e9nergies des lieux.<\/span><\/span><\/span><\/p>\n<p class=\"western\" style=\"text-align: center;\" align=\"justify\"><span style=\"font-family: 'Dancing Script';\"><span style=\"color: #481d32;\"><span style=\"font-size: x-large;\">En 2017, je cr\u00e9e <\/span><\/span><span style=\"color: #481d32;\"><span style=\"font-size: x-large;\"><b>Ele<\/b><\/span><\/span><span style=\"color: #481d32;\"><span style=\"font-size: x-large;\"><span lang=\"fr-FR\"><b>\u00efana<\/b><\/span><\/span><\/span><span style=\"color: #481d32;\"><span style=\"font-size: x-large;\"><span lang=\"fr-FR\">, e<\/span><\/span><\/span><span style=\"color: #481d32;\"><span style=\"font-size: x-large;\">ntreprise individuelle d\u2019accompagnement \u00e0 la Lib\u00e9ration de l\u2019<\/span><\/span><span style=\"color: #481d32;\"><span style=\"font-size: x-large;\"><span lang=\"fr-FR\">\u00catre.<\/span><\/span><\/span><\/span><\/p>\n<p class=\"western\" style=\"text-align: center;\" align=\"justify\"><span style=\"color: #481d32; font-family: 'Dancing Script';\"><span style=\"font-size: x-large;\">Cette \u00e9tape m\u2019am\u00e8ne sur mon propre chemin d\u2019auto-formation et de transmission qui s\u2019ouvre gr\u00e2ce \u00e0 la reconnexion par l\u2019art vibratoire.<\/span><\/span><\/p>\n<p class=\"western\" style=\"text-align: center;\" align=\"justify\"><span style=\"color: #481d32; font-family: 'Dancing Script';\"><span style=\"font-size: x-large;\">En captant les \u00e9nergies du vivant et les enseignements des guides de l\u2019invisible, je me mets \u00e0 cr\u00e9er progressivement des outils de lib\u00e9ration\u00a0: support dessin, forme g\u00e9om\u00e9trique bois et min\u00e9raux&#8230;<\/span><\/span><\/p>\n<p class=\"western\" style=\"text-align: center;\" align=\"justify\"><span style=\"font-family: 'Dancing Script';\"><span style=\"color: #481d32;\"><span style=\"font-size: x-large;\">Parall\u00e8lement, je d\u00e9veloppe les <\/span><\/span><span style=\"color: #481d32;\"><span style=\"font-size: x-large;\"><b>m\u00e9ditations guid\u00e9es et voyages sonores<\/b><\/span><\/span><span style=\"color: #481d32;\"><span style=\"font-size: x-large;\"> (kotamo, didgerido, tambour chamanique, diapasons, tambour oc\u00e9an et bien d\u2019autres instruments encore), <\/span><\/span><span style=\"color: #481d32;\"><span style=\"font-size: x-large;\"><b>pratiques vocales et \u00e9nerg\u00e9tiques<\/b><\/span><\/span><span style=\"color: #481d32;\"><span style=\"font-size: x-large;\">.<\/span><\/span><\/span><\/p>\n<p class=\"western\" style=\"text-align: center;\" align=\"justify\"><span style=\"font-family: 'Dancing Script';\"><span style=\"color: #481d32;\"><span style=\"font-size: x-large;\">Dans ma pratique de l\u2019Harmonisation \u00e9nerg\u00e9tique et vibratoire (son et voix), j\u2019ai \u00e0 c\u0153ur de d\u00e9velopper un outil de gu\u00e9rison pour lib\u00e9rer l\u2019<\/span><\/span><span style=\"color: #481d32;\"><span style=\"font-size: x-large;\"><span lang=\"fr-FR\">\u00catre autant au niveau de sa <\/span><\/span><\/span><span style=\"color: #481d32;\"><span style=\"font-size: x-large;\">multi-dimensionnalit\u00e9 que de ses lign\u00e9es<\/span><\/span><span style=\"color: #481d32;\"><span style=\"font-size: x-large;\"><span lang=\"fr-FR\">.<\/span><\/span><\/span><\/span><\/p>\n<p class=\"western\" style=\"text-align: center;\" align=\"justify\"><span style=\"font-family: 'Dancing Script';\"><span style=\"color: #481d32;\"><span style=\"font-size: x-large;\">Je suis \u00e9galement anim\u00e9e par le d\u00e9sir d\u2019accompagner les personnes qui viennent \u00e0 moi pour les <\/span><\/span><span style=\"color: #481d32;\"><span style=\"font-size: x-large;\"><b>amener \u00e0 plus d\u2019autonomie<\/b><\/span><\/span><span style=\"color: #481d32;\"><span style=\"font-size: x-large;\">. <\/span><\/span><span style=\"color: #481d32;\"><span style=\"font-size: x-large;\">Je leur propose, de ce fait, des <\/span><\/span><span style=\"color: #481d32;\"><span style=\"font-size: x-large;\"><b>exercices ajust\u00e9s<\/b><\/span><\/span><span style=\"color: #481d32;\"><span style=\"font-size: x-large;\"> pour s\u2019auto-accompagner au quotidien que ce soit par des pratiques \u00e9nerg\u00e9tiques, sonores ou des mantras personnalis\u00e9s pour se lib\u00e9rer des sch\u00e9mas mentaux erron\u00e9s et d\u2019auto-sabotage.<\/span><\/span><\/span><\/p>\n","protected":false},"excerpt":{"rendered":"<p>Pendant mon enfance, la danse m\u2019accompagne \u00e0 chaque instant, elle est un levier de la Joie en moi. L\u2019adolescence et ses fac\u00e9ties marquent une pause dans mon engouement pour le mouvement. C\u2019est \u00e0 l\u2019\u00e2ge adulte que je me reconnecte par la Danse africaine. En 2003, je vis une gu\u00e9rison personnelle qui me permet de me &hellip; <\/p>\n<p class=\"link-more\"><a href=\"https:\/\/eleiana.fr\/index.php\/qui-suis-je\/mon-parcours\/\" class=\"more-link\">Continuer la lecture<span class=\"screen-reader-text\"> de &laquo;&nbsp;Mon parcours&nbsp;&raquo;<\/span><\/a><\/p>\n","protected":false},"author":1,"featured_media":0,"parent":12,"menu_order":2,"comment_status":"closed","ping_status":"closed","template":"","meta":[],"_links":{"self":[{"href":"https:\/\/eleiana.fr\/index.php\/wp-json\/wp\/v2\/pages\/177"}],"collection":[{"href":"https:\/\/eleiana.fr\/index.php\/wp-json\/wp\/v2\/pages"}],"about":[{"href":"https:\/\/eleiana.fr\/index.php\/wp-json\/wp\/v2\/types\/page"}],"author":[{"embeddable":true,"href":"https:\/\/eleiana.fr\/index.php\/wp-json\/wp\/v2\/users\/1"}],"replies":[{"embeddable":true,"href":"https:\/\/eleiana.fr\/index.php\/wp-json\/wp\/v2\/comments?post=177"}],"version-history":[{"count":13,"href":"https:\/\/eleiana.fr\/index.php\/wp-json\/wp\/v2\/pages\/177\/revisions"}],"predecessor-version":[{"id":1055,"href":"https:\/\/eleiana.fr\/index.php\/wp-json\/wp\/v2\/pages\/177\/revisions\/1055"}],"up":[{"embeddable":true,"href":"https:\/\/eleiana.fr\/index.php\/wp-json\/wp\/v2\/pages\/12"}],"wp:attachment":[{"href":"https:\/\/eleiana.fr\/index.php\/wp-json\/wp\/v2\/media?parent=177"}],"curies":[{"name":"wp","href":"https:\/\/api.w.org\/{rel}","templated":true}]}}

<p class="western" style="text-align: center;" align="justify"><span style="color: #481d32; font-family: 'Dancing Script';"><span style="font-size: x-large;">Pendant mon enfance, la danse m’accompagne à chaque instant, elle est un levier de la Joie en moi. L’adolescence et ses facéties marquent une pause dans mon engouement pour le mouvement. C’est à l’âge adulte que je me reconnecte par la Danse africaine.</span></span></p>
<p class="western" style="text-align: center;" align="justify"><span style="font-family: 'Dancing Script';"><span style="color: #481d32;"><span style="font-size: x-large;">En 2003, je vis une guérison personnelle qui me permet de me reconnecter à mes mains lumières. Je vais vers un chemin personnel de reconnexion et me forme au </span></span><span style="color: #481d32;"><span style="font-size: x-large;"><b>massage Tanaka</b></span></span><span style="color: #481d32;"><span style="font-size: x-large;"> (combinaison de mouvement de yoga, shiatsu et mobilisation). </span></span></span></p>
<p class="western" style="text-align: center;" align="justify"><span style="font-family: 'Dancing Script';"><span style="color: #481d32;"><span style="font-size: x-large;">Ce massage m’invite à retourner à mes premiers amours . L’évidence s’impose à moi de poursuivre avec la formation praticienne en </span></span><span style="color: #481d32;"><span style="font-size: x-large;"><b>Danse de l’Être©</b></span></span><span style="color: #481d32;"><span style="font-size: x-large;">(certifiée en 2007). Je trouve enfin </span></span><span style="color: #481d32;"><span style="font-size: x-large;">ce que je cherchais </span></span><span style="color: #481d32;"><span style="font-size: x-large;">depuis ma tendre enfance : une danse de reliance avec les énergies présentes en toute chose, une danse qui nous invite à la libération de nos blocages, qui remet en harmonie notre « Corps-Cœur-Esprit ».</span></span></span></p>
<p class="western" style="text-align: center;" align="justify"><span style="color: #481d32; font-family: 'Dancing Script';"><span style="font-size: x-large;">Sur mon chemin, je rencontre le Didgerido, instrument aborigène qui utilise le bourdon. Cet instrument m’invite progressivement à développer mon propre chant. </span></span></p>
<p class="western" style="text-align: center;" align="justify"><span style="font-family: 'Dancing Script';"><span style="color: #481d32;"><span style="font-size: x-large;">Mes pas me conduiront à me former en tant que </span></span><span style="color: #481d32;"><span style="font-size: x-large;"><b>Coach Vib’art®</b></span></span><span style="color: #481d32;"><span style="font-size: x-large;">(2014-2015) pour accompagner les personnes à libérer leur propre voix.</span></span></span></p>
<p class="western" style="text-align: center;" align="justify"><span style="font-family: 'Dancing Script';"><span style="color: #481d32;"><span style="font-size: x-large;">Je me forme à la </span></span><span style="color: #481d32;"><span style="font-size: x-large;"><b>Bio énergie et géobiologie de l’habitat</b></span></span><span style="color: #481d32;"><span style="font-size: x-large;"> avec l’école Oviloroi. J’affine alors ma perception énergétique du corps humain et de la perception des énergies des lieux.</span></span></span></p>
<p class="western" style="text-align: center;" align="justify"><span style="font-family: 'Dancing Script';"><span style="color: #481d32;"><span style="font-size: x-large;">En 2017, je crée </span></span><span style="color: #481d32;"><span style="font-size: x-large;"><b>Ele</b></span></span><span style="color: #481d32;"><span style="font-size: x-large;"><span lang="fr-FR"><b>ïana</b></span></span></span><span style="color: #481d32;"><span style="font-size: x-large;"><span lang="fr-FR">, e</span></span></span><span style="color: #481d32;"><span style="font-size: x-large;">ntreprise individuelle d’accompagnement à la Libération de l’</span></span><span style="color: #481d32;"><span style="font-size: x-large;"><span lang="fr-FR">Être.</span></span></span></span></p>
<p class="western" style="text-align: center;" align="justify"><span style="color: #481d32; font-family: 'Dancing Script';"><span style="font-size: x-large;">Cette étape m’amène sur mon propre chemin d’auto-formation et de transmission qui s’ouvre grâce à la reconnexion par l’art vibratoire.</span></span></p>
<p class="western" style="text-align: center;" align="justify"><span style="color: #481d32; font-family: 'Dancing Script';"><span style="font-size: x-large;">En captant les énergies du vivant et les enseignements des guides de l’invisible, je me mets à créer progressivement des outils de libération : support dessin, forme géométrique bois et minéraux&#8230;</span></span></p>
<p class="western" style="text-align: center;" align="justify"><span style="font-family: 'Dancing Script';"><span style="color: #481d32;"><span style="font-size: x-large;">Parallèlement, je développe les </span></span><span style="color: #481d32;"><span style="font-size: x-large;"><b>méditations guidées et voyages sonores</b></span></span><span style="color: #481d32;"><span style="font-size: x-large;"> (kotamo, didgerido, tambour chamanique, diapasons, tambour océan et bien d’autres instruments encore), </span></span><span style="color: #481d32;"><span style="font-size: x-large;"><b>pratiques vocales et énergétiques</b></span></span><span style="color: #481d32;"><span style="font-size: x-large;">.</span></span></span></p>
<p class="western" style="text-align: center;" align="justify"><span style="font-family: 'Dancing Script';"><span style="color: #481d32;"><span style="font-size: x-large;">Dans ma pratique de l’Harmonisation énergétique et vibratoire (son et voix), j’ai à cœur de développer un outil de guérison pour libérer l’</span></span><span style="color: #481d32;"><span style="font-size: x-large;"><span lang="fr-FR">Être autant au niveau de sa </span></span></span><span style="color: #481d32;"><span style="font-size: x-large;">multi-dimensionnalité que de ses lignées</span></span><span style="color: #481d32;"><span style="font-size: x-large;"><span lang="fr-FR">.</span></span></span></span></p>
<p class="western" style="text-align: center;" align="justify"><span style="font-family: 'Dancing Script';"><span style="color: #481d32;"><span style="font-size: x-large;">Je suis également animée par le désir d’accompagner les personnes qui viennent à moi pour les </span></span><span style="color: #481d32;"><span style="font-size: x-large;"><b>amener à plus d’autonomie</b></span></span><span style="color: #481d32;"><span style="font-size: x-large;">. </span></span><span style="color: #481d32;"><span style="font-size: x-large;">Je leur propose, de ce fait, des </span></span><span style="color: #481d32;"><span style="font-size: x-large;"><b>exercices ajustés</b></span></span><span style="color: #481d32;"><span style="font-size: x-large;"> pour s’auto-accompagner au quotidien que ce soit par des pratiques énergétiques, sonores ou des mantras personnalisés pour se libérer des schémas mentaux erronés et d’auto-sabotage.</span></span></span></p>

<p>Pendant mon enfance, la danse m’accompagne à chaque instant, elle est un levier de la Joie en moi. L’adolescence et ses facéties marquent une pause dans mon engouement pour le mouvement. C’est à l’âge adulte que je me reconnecte par la Danse africaine. En 2003, je vis une guérison personnelle qui me permet de me &hellip; </p>
<p class="link-more"><a href="https://eleiana.fr/index.php/qui-suis-je/mon-parcours/" class="more-link">Continuer la lecture<span class="screen-reader-text"> de &laquo;&nbsp;Mon parcours&nbsp;&raquo;</span></a></p>
